{"id":688,"date":"2020-06-21T10:28:08","date_gmt":"2020-06-21T10:28:08","guid":{"rendered":"https:\/\/haussonja.de\/?page_id=688"},"modified":"2024-04-26T15:10:12","modified_gmt":"2024-04-26T15:10:12","slug":"agbs","status":"publish","type":"page","link":"https:\/\/haussonja.de\/?page_id=688","title":{"rendered":"Impressum"},"content":{"rendered":"\n<h2 class=\"wp-block-heading\">Impressum<\/h2>\n\n\n\n<p>Informationspflicht laut \u00a7 5 TMG<\/p>\n\n\n\n<p>Sonja &amp; Frank Buchegger<br>Tiroler Strasse 48 <br>83242 Reit im Winkl<br>Tel: 08640 \/ 1231<\/p>\n\n\n\n<p>Inhaltlich Verantwortlich nach \u00a755 Abs. 2 RstV Familie Buchegger<\/p>\n\n\n\n<p>Homepage Gestaltung und Konzeption<br>Maria Hofner <br>Loferaustrasse 44<br>83242 Reit im Winkl<br>+49 151 1789 4710 <br>maria.hofner@gmx.de<\/p>\n\n\n\n<h2 class=\"wp-block-heading\">Kleinunternehmerregelung<\/h2>\n\n\n\n<p>Kleinunternehmer i. S. v. \u00a7 19 Abs. 1 UStG haben ein Wahlrecht, ob sie Umsatzsteuer abf\u00fchren wollen. Entscheiden sie sich gegen die Abf\u00fchrung, ben\u00f6tigen sie grunds\u00e4tzlich keine Umsatzsteuer-Identifikationsnummer. Verf\u00fcgen sie \u00fcber keine Umsatzsteuer-Identifikationsnummer, m\u00fcssen sie auch im Impressum keine solche angeben. Hinzu kommt, dass Kleinunternehmer h\u00e4ufig nicht ins Handelsregister eingetragen sind, so dass auch insoweit keine Angaben erforderlich sind. Besteht allerdings eine Registereintragung oder wurde eine Umsatzsteuer-Identifikationsnummer erteilt, sind die entsprechenden Angaben zu machen. Das Muster geht davon aus, dass keine Umsatzsteuer-Identifikationsnummer vorliegt und dass der Betreiber der Internetseite nicht ins Handelsregister eingetragen ist. F\u00fcr das Muster wurde ferner von einem journalistisch-redaktionell gestalteten Angebot ausgegangen, so dass die Anbieterkennzeichnung nach \u00a7 18 Abs. 2 MStV gesondert aufgenommen wurde.<\/p>\n\n\n\n<h2 class=\"wp-block-heading\">Haftungsausschluss<\/h2>\n\n\n\n<h3 class=\"wp-block-heading\">Haftung f\u00fcr Inhalte<\/h3>\n\n\n\n<p>Als Diensteanbieter sind wir gem\u00e4\u00df \u00a7 7 Abs.1 TMG f\u00fcr eigene Inhalte auf diesen Seiten nach den allgemeinen Gesetzen verantwortlich. Nach \u00a7\u00a7 8 bis 10 TMG sind wir als Diensteanbieter jedoch nicht verpflichtet, \u00fcbermittelte oder gespeicherte fremde Informationen zu \u00fcberwachen oder nach Umst\u00e4nden zu forschen, die auf eine rechtswidrige T\u00e4tigkeit hinweisen. Verpflichtungen zur Entfernung oder Sperrung der Nutzung von Informationen nach den allgemeinen Gesetzen bleiben hiervon unber\u00fchrt. Eine diesbez\u00fcgliche Haftung ist jedoch erst ab dem Zeitpunkt der Kenntnis einer konkreten Rechtsverletzung m\u00f6glich. Bei Bekanntwerden von entsprechenden Rechtsverletzungen werden wir diese Inhalte umgehend entfernen.<\/p>\n\n\n\n<h3 class=\"wp-block-heading\">Haftung f\u00fcr Links<\/h3>\n\n\n\n<p>Unser Angebot enth\u00e4lt Links zu externen Webseiten Dritter, auf deren Inhalte wir keinen Einfluss haben. Deshalb k\u00f6nnen wir f\u00fcr diese fremden Inhalte auch keine Gew\u00e4hr \u00fcbernehmen. F\u00fcr die Inhalte der verlinkten Seiten ist stets der jeweilige Anbieter oder Betreiber der Seiten verantwortlich. Die verlinkten Seiten wurden zum Zeitpunkt der Verlinkung auf m\u00f6gliche Rechtsverst\u00f6\u00dfe \u00fcberpr\u00fcft. Rechtswidrige Inhalte waren zum Zeitpunkt der Verlinkung nicht erkennbar. Eine permanente inhaltliche Kontrolle der verlinkten Seiten ist jedoch ohne konkrete Anhaltspunkte einer Rechtsverletzung nicht zumutbar. Bei Bekanntwerden von Rechtsverletzungen werden wir derartige Links umgehend entfernen.<\/p>\n\n\n\n<h3 class=\"wp-block-heading\">Urheberrecht<\/h3>\n\n\n\n<p>Die durch die Seitenbetreiber erstellten Inhalte und Werke auf diesen Seiten unterliegen dem deutschen Urheberrecht. Die Vervielf\u00e4ltigung, Bearbeitung, Verbreitung und jede Art der Verwertung au\u00dferhalb der Grenzen des Urheberrechtes bed\u00fcrfen der schriftlichen Zustimmung des jeweiligen Autors bzw. Erstellers. Downloads und Kopien dieser Seite sind nur f\u00fcr den privaten, nicht kommerziellen Gebrauch gestattet. Soweit die Inhalte auf dieser Seite nicht vom Betreiber erstellt wurden, werden die Urheberrechte Dritter beachtet. Insbesondere werden Inhalte Dritter als solche gekennzeichnet. Sollten Sie trotzdem auf eine Urheberrechtsverletzung aufmerksam werden, bitten wir um einen entsprechenden Hinweis. Bei Bekanntwerden von Rechtsverletzungen werden wir derartige Inhalte umgehend entfernen.<\/p>\n\n\n\n<p>Quelle: eRecht24 Disclaimer<\/p>\n\n\n\n<p><\/p>\n\n\n<\/div>","protected":false},"excerpt":{"rendered":"<p>Impressum Informationspflicht laut \u00a7 5 TMG Sonja &amp; Frank BucheggerTiroler Strasse 48 83242 Reit im WinklTel: 08640 \/ 1231 Inhaltlich Verantwortlich nach \u00a755 Abs. 2 RstV Familie Buchegger Homepage Gestaltung und KonzeptionMaria Hofner Loferaustrasse 4483242 Reit im Winkl+49 151 1789 4710 maria.hofner@gmx.de Kleinunternehmerregelung Kleinunternehmer i. S. v. \u00a7 19 Abs.<\/p>\n","protected":false},"author":1,"featured_media":0,"parent":0,"menu_order":0,"comment_status":"closed","ping_status":"closed","template":"","meta":{"ub_ctt_via":"","footnotes":""},"featured_image_src":null,"_links":{"self":[{"href":"https:\/\/haussonja.de\/index.php?rest_route=\/wp\/v2\/pages\/688"}],"collection":[{"href":"https:\/\/haussonja.de\/index.php?rest_route=\/wp\/v2\/pages"}],"about":[{"href":"https:\/\/haussonja.de\/index.php?rest_route=\/wp\/v2\/types\/page"}],"author":[{"embeddable":true,"href":"https:\/\/haussonja.de\/index.php?rest_route=\/wp\/v2\/users\/1"}],"replies":[{"embeddable":true,"href":"https:\/\/haussonja.de\/index.php?rest_route=%2Fwp%2Fv2%2Fcomments&post=688"}],"version-history":[{"count":5,"href":"https:\/\/haussonja.de\/index.php?rest_route=\/wp\/v2\/pages\/688\/revisions"}],"predecessor-version":[{"id":731,"href":"https:\/\/haussonja.de\/index.php?rest_route=\/wp\/v2\/pages\/688\/revisions\/731"}],"wp:attachment":[{"href":"https:\/\/haussonja.de\/index.php?rest_route=%2Fwp%2Fv2%2Fmedia&parent=688"}],"curies":[{"name":"wp","href":"https:\/\/api.w.org\/{rel}","templated":true}]}}

<h2 class="wp-block-heading">Impressum</h2>



<p>Informationspflicht laut § 5 TMG</p>



<p>Sonja &amp; Frank Buchegger<br>Tiroler Strasse 48 <br>83242 Reit im Winkl<br>Tel: 08640 / 1231</p>



<p>Inhaltlich Verantwortlich nach §55 Abs. 2 RstV Familie Buchegger</p>



<p>Homepage Gestaltung und Konzeption<br>Maria Hofner <br>Loferaustrasse 44<br>83242 Reit im Winkl<br>+49 151 1789 4710 <br>maria.hofner@gmx.de</p>



<h2 class="wp-block-heading">Kleinunternehmerregelung</h2>



<p>Kleinunternehmer i. S. v. § 19 Abs. 1 UStG haben ein Wahlrecht, ob sie Umsatzsteuer abführen wollen. Entscheiden sie sich gegen die Abführung, benötigen sie grundsätzlich keine Umsatzsteuer-Identifikationsnummer. Verfügen sie über keine Umsatzsteuer-Identifikationsnummer, müssen sie auch im Impressum keine solche angeben. Hinzu kommt, dass Kleinunternehmer häufig nicht ins Handelsregister eingetragen sind, so dass auch insoweit keine Angaben erforderlich sind. Besteht allerdings eine Registereintragung oder wurde eine Umsatzsteuer-Identifikationsnummer erteilt, sind die entsprechenden Angaben zu machen. Das Muster geht davon aus, dass keine Umsatzsteuer-Identifikationsnummer vorliegt und dass der Betreiber der Internetseite nicht ins Handelsregister eingetragen ist. Für das Muster wurde ferner von einem journalistisch-redaktionell gestalteten Angebot ausgegangen, so dass die Anbieterkennzeichnung nach § 18 Abs. 2 MStV gesondert aufgenommen wurde.</p>



<h2 class="wp-block-heading">Haftungsausschluss</h2>



<h3 class="wp-block-heading">Haftung für Inhalte</h3>



<p>Als Diensteanbieter sind wir gemäß § 7 Abs.1 TMG für eigene Inhalte auf diesen Seiten nach den allgemeinen Gesetzen verantwortlich. Nach §§ 8 bis 10 TMG sind wir als Diensteanbieter jedoch nicht verpflichtet, übermittelte oder gespeicherte fremde Informationen zu überwachen oder nach Umständen zu forschen, die auf eine rechtswidrige Tätigkeit hinweisen. Verpflichtungen zur Entfernung oder Sperrung der Nutzung von Informationen nach den allgemeinen Gesetzen bleiben hiervon unberührt. Eine diesbezügliche Haftung ist jedoch erst ab dem Zeitpunkt der Kenntnis einer konkreten Rechtsverletzung möglich. Bei Bekanntwerden von entsprechenden Rechtsverletzungen werden wir diese Inhalte umgehend entfernen.</p>



<h3 class="wp-block-heading">Haftung für Links</h3>



<p>Unser Angebot enthält Links zu externen Webseiten Dritter, auf deren Inhalte wir keinen Einfluss haben. Deshalb können wir für diese fremden Inhalte auch keine Gewähr übernehmen. Für die Inhalte der verlinkten Seiten ist stets der jeweilige Anbieter oder Betreiber der Seiten verantwortlich. Die verlinkten Seiten wurden zum Zeitpunkt der Verlinkung auf mögliche Rechtsverstöße überprüft. Rechtswidrige Inhalte waren zum Zeitpunkt der Verlinkung nicht erkennbar. Eine permanente inhaltliche Kontrolle der verlinkten Seiten ist jedoch ohne konkrete Anhaltspunkte einer Rechtsverletzung nicht zumutbar. Bei Bekanntwerden von Rechtsverletzungen werden wir derartige Links umgehend entfernen.</p>



<h3 class="wp-block-heading">Urheberrecht</h3>



<p>Die durch die Seitenbetreiber erstellten Inhalte und Werke auf diesen Seiten unterliegen dem deutschen Urheberrecht. Die Vervielfältigung, Bearbeitung, Verbreitung und jede Art der Verwertung außerhalb der Grenzen des Urheberrechtes bedürfen der schriftlichen Zustimmung des jeweiligen Autors bzw. Erstellers. Downloads und Kopien dieser Seite sind nur für den privaten, nicht kommerziellen Gebrauch gestattet. Soweit die Inhalte auf dieser Seite nicht vom Betreiber erstellt wurden, werden die Urheberrechte Dritter beachtet. Insbesondere werden Inhalte Dritter als solche gekennzeichnet. Sollten Sie trotzdem auf eine Urheberrechtsverletzung aufmerksam werden, bitten wir um einen entsprechenden Hinweis. Bei Bekanntwerden von Rechtsverletzungen werden wir derartige Inhalte umgehend entfernen.</p>



<p>Quelle: eRecht24 Disclaimer</p>



<p></p>


</div>
