{"id":640,"date":"2020-03-13T13:49:00","date_gmt":"2020-03-13T13:49:00","guid":{"rendered":"https:\/\/haussonja.de\/?page_id=640"},"modified":"2025-07-27T16:47:38","modified_gmt":"2025-07-27T16:47:38","slug":"wohnungen","status":"publish","type":"page","link":"https:\/\/haussonja.de\/?page_id=640","title":{"rendered":"Wohnungen"},"content":{"rendered":"<p><strong>Sehr geehrte G\u00e4ste,<\/strong><\/p>\n<p>in unserem &#8222;HausSonja&#8220; stehen Ihnen 3 Ferienwohnungen zur Verf\u00fcgung.<\/p>\n<p>Alle Wohnungen sind identisch ausgestattet und mit Parkett bzw. Flie\u00dfen ausgelegt.<\/p>\n<p>In den Unterseiten k\u00f6nnen Sie Details zu den einzelnen Wohnungen sowie Bilder entnehmen.<\/p>\n<p>Anbei ein Belegungskalender Wohnungs\u00fcbergreifend.<\/p>\n<p>Wir bem\u00fchen uns die Belegung immer so aktuell wie m\u00f6glich zu halten, k\u00f6nnen dies aber nicht immer gew\u00e4hrleisten. Daher fragen sie bei einer gew\u00fcnschten Buchung bitte immer nochmal pers\u00f6nlich bei uns auf freie Zeiten an. Gerne Telefonisch oder per E-Mail.<\/p>\n<p>Liebe Gr\u00fc\u00dfe<\/p>\n<p>Ihre Vermieter, Sonja &amp; Frank Buchegger<\/p>\n","protected":false},"excerpt":{"rendered":"<p>Sehr geehrte G\u00e4ste, in unserem &#8222;HausSonja&#8220; stehen Ihnen 3 Ferienwohnungen zur Verf\u00fcgung. Alle Wohnungen sind identisch ausgestattet und mit Parkett bzw. Flie\u00dfen ausgelegt. In den Unterseiten k\u00f6nnen Sie Details zu den einzelnen Wohnungen sowie Bilder entnehmen. Anbei ein Belegungskalender Wohnungs\u00fcbergreifend. Wir bem\u00fchen uns die Belegung immer so aktuell wie m\u00f6glich<\/p>\n","protected":false},"author":1,"featured_media":0,"parent":0,"menu_order":0,"comment_status":"closed","ping_status":"closed","template":"","meta":{"ub_ctt_via":"","footnotes":""},"featured_image_src":null,"_links":{"self":[{"href":"https:\/\/haussonja.de\/index.php?rest_route=\/wp\/v2\/pages\/640"}],"collection":[{"href":"https:\/\/haussonja.de\/index.php?rest_route=\/wp\/v2\/pages"}],"about":[{"href":"https:\/\/haussonja.de\/index.php?rest_route=\/wp\/v2\/types\/page"}],"author":[{"embeddable":true,"href":"https:\/\/haussonja.de\/index.php?rest_route=\/wp\/v2\/users\/1"}],"replies":[{"embeddable":true,"href":"https:\/\/haussonja.de\/index.php?rest_route=%2Fwp%2Fv2%2Fcomments&post=640"}],"version-history":[{"count":19,"href":"https:\/\/haussonja.de\/index.php?rest_route=\/wp\/v2\/pages\/640\/revisions"}],"predecessor-version":[{"id":843,"href":"https:\/\/haussonja.de\/index.php?rest_route=\/wp\/v2\/pages\/640\/revisions\/843"}],"wp:attachment":[{"href":"https:\/\/haussonja.de\/index.php?rest_route=%2Fwp%2Fv2%2Fmedia&parent=640"}],"curies":[{"name":"wp","href":"https:\/\/api.w.org\/{rel}","templated":true}]}}