{"id":494,"date":"2018-07-13T10:24:39","date_gmt":"2018-07-13T10:24:39","guid":{"rendered":"https:\/\/haussonja.de\/?page_id=494"},"modified":"2018-08-08T11:09:31","modified_gmt":"2018-08-08T11:09:31","slug":"maerchenwald","status":"publish","type":"page","link":"https:\/\/haussonja.de\/?page_id=494","title":{"rendered":"Loferau"},"content":{"rendered":"<p><img loading=\"lazy\" decoding=\"async\" src=\"https:\/\/haussonja.de\/wp-content\/uploads\/2018\/07\/spaz_wald7-300x225.jpg\" alt=\"\" width=\"300\" height=\"225\" class=\"size-medium wp-image-432 alignleft\" srcset=\"https:\/\/haussonja.de\/wp-content\/uploads\/2018\/07\/spaz_wald7-300x225.jpg 300w, https:\/\/haussonja.de\/wp-content\/uploads\/2018\/07\/spaz_wald7.jpg 480w\" sizes=\"(max-width: 300px) 100vw, 300px\" \/>S\u00fcdlich unseres Hauses befindet sich ein Waldst\u00fcck mit Wanderwegen durch den Ortsteil Loferau zur Dorfmitte, sowie zum Ortsteil Blindau.<\/p>\n<p><img loading=\"lazy\" decoding=\"async\" src=\"https:\/\/haussonja.de\/wp-content\/uploads\/2018\/07\/spaz_wald_4197-225x300.jpg\" alt=\"\" width=\"225\" height=\"300\" class=\"size-medium wp-image-428 alignright\" srcset=\"https:\/\/haussonja.de\/wp-content\/uploads\/2018\/07\/spaz_wald_4197-225x300.jpg 225w, https:\/\/haussonja.de\/wp-content\/uploads\/2018\/07\/spaz_wald_4197.jpg 500w\" sizes=\"(max-width: 225px) 100vw, 225px\" \/><\/p>\n<p>Der &#8222;M\u00e4rchenwald&#8220; bezaubert nicht nur die Erwachsenen, sondern auch die kleinen Besucher.<\/p>\n<p>Auf der Suche nach der Prinzessin, dem K\u00f6nig und dem Zauberer gibt es in dem M\u00e4rchenwald immer wieder kleine versteckte Attraktionen zu entdecken.<\/p>\n<p><img loading=\"lazy\" decoding=\"async\" src=\"https:\/\/haussonja.de\/wp-content\/uploads\/2018\/07\/spaz_wald_3577-225x300.jpg\" alt=\"\" width=\"225\" height=\"300\" class=\"size-medium wp-image-425 alignleft\" srcset=\"https:\/\/haussonja.de\/wp-content\/uploads\/2018\/07\/spaz_wald_3577-225x300.jpg 225w, https:\/\/haussonja.de\/wp-content\/uploads\/2018\/07\/spaz_wald_3577.jpg 500w\" sizes=\"(max-width: 225px) 100vw, 225px\" \/>Am Lofer-Bach entlang, k\u00f6nnen immer wieder die F\u00fcsse gek\u00fchlt werden.<\/p>\n<p>Auch im Fr\u00fchjahr und Herbst kann sich Reit im Winkl sehen lassen.<\/p>\n<p><img loading=\"lazy\" decoding=\"async\" src=\"https:\/\/haussonja.de\/wp-content\/uploads\/2018\/07\/spaz_wald_3713-225x300.jpg\" alt=\"\" width=\"225\" height=\"300\" class=\"size-medium wp-image-426 alignright\" srcset=\"https:\/\/haussonja.de\/wp-content\/uploads\/2018\/07\/spaz_wald_3713-225x300.jpg 225w, https:\/\/haussonja.de\/wp-content\/uploads\/2018\/07\/spaz_wald_3713.jpg 500w\" sizes=\"(max-width: 225px) 100vw, 225px\" \/>In der warmen Fr\u00fchlingsluft lassen sich so manche \u00fcbriggebliebenen Schneefleckerl entdecken.<\/p>\n<p>Die gef\u00e4rbten W\u00e4lder und Wege im Herbst verspr\u00fchen einen besonderen Charm.<img loading=\"lazy\" decoding=\"async\" src=\"https:\/\/haussonja.de\/wp-content\/uploads\/2018\/07\/spaz_wald6-224x300.jpg\" alt=\"\" width=\"224\" height=\"300\" class=\"size-medium wp-image-431 alignleft\" srcset=\"https:\/\/haussonja.de\/wp-content\/uploads\/2018\/07\/spaz_wald6-224x300.jpg 224w, https:\/\/haussonja.de\/wp-content\/uploads\/2018\/07\/spaz_wald6.jpg 359w\" sizes=\"(max-width: 224px) 100vw, 224px\" \/><\/p>\n<p><img loading=\"lazy\" decoding=\"async\" src=\"https:\/\/haussonja.de\/wp-content\/uploads\/2018\/07\/spaz_wald5-300x175.jpg\" alt=\"\" width=\"300\" height=\"175\" class=\"size-medium wp-image-430 aligncenter\" srcset=\"https:\/\/haussonja.de\/wp-content\/uploads\/2018\/07\/spaz_wald5-300x175.jpg 300w, https:\/\/haussonja.de\/wp-content\/uploads\/2018\/07\/spaz_wald5.jpg 560w\" sizes=\"(max-width: 300px) 100vw, 300px\" \/><\/p>\n","protected":false},"excerpt":{"rendered":"<p>S\u00fcdlich unseres Hauses befindet sich ein Waldst\u00fcck mit Wanderwegen durch den Ortsteil Loferau zur Dorfmitte, sowie zum Ortsteil Blindau. Der &#8222;M\u00e4rchenwald&#8220; bezaubert nicht nur die Erwachsenen, sondern auch die kleinen Besucher. Auf der Suche nach der Prinzessin, dem K\u00f6nig und dem Zauberer gibt es in dem M\u00e4rchenwald immer wieder kleine<\/p>\n","protected":false},"author":1,"featured_media":0,"parent":0,"menu_order":0,"comment_status":"closed","ping_status":"closed","template":"","meta":{"ub_ctt_via":"","footnotes":""},"featured_image_src":null,"_links":{"self":[{"href":"https:\/\/haussonja.de\/index.php?rest_route=\/wp\/v2\/pages\/494"}],"collection":[{"href":"https:\/\/haussonja.de\/index.php?rest_route=\/wp\/v2\/pages"}],"about":[{"href":"https:\/\/haussonja.de\/index.php?rest_route=\/wp\/v2\/types\/page"}],"author":[{"embeddable":true,"href":"https:\/\/haussonja.de\/index.php?rest_route=\/wp\/v2\/users\/1"}],"replies":[{"embeddable":true,"href":"https:\/\/haussonja.de\/index.php?rest_route=%2Fwp%2Fv2%2Fcomments&post=494"}],"version-history":[{"count":5,"href":"https:\/\/haussonja.de\/index.php?rest_route=\/wp\/v2\/pages\/494\/revisions"}],"predecessor-version":[{"id":604,"href":"https:\/\/haussonja.de\/index.php?rest_route=\/wp\/v2\/pages\/494\/revisions\/604"}],"wp:attachment":[{"href":"https:\/\/haussonja.de\/index.php?rest_route=%2Fwp%2Fv2%2Fmedia&parent=494"}],"curies":[{"name":"wp","href":"https:\/\/api.w.org\/{rel}","templated":true}]}}