{"id":492,"date":"2018-07-13T10:24:39","date_gmt":"2018-07-13T10:24:39","guid":{"rendered":"https:\/\/haussonja.de\/?page_id=492"},"modified":"2018-07-31T07:52:52","modified_gmt":"2018-07-31T07:52:52","slug":"spazieren","status":"publish","type":"page","link":"https:\/\/haussonja.de\/?page_id=492","title":{"rendered":"Reit im Winkl"},"content":{"rendered":"<p><strong><img loading=\"lazy\" decoding=\"async\" src=\"https:\/\/haussonja.de\/wp-content\/uploads\/2018\/07\/spaz_dorf4-300x199.jpg\" alt=\"\" width=\"300\" height=\"199\" class=\"size-medium wp-image-423 alignleft\" srcset=\"https:\/\/haussonja.de\/wp-content\/uploads\/2018\/07\/spaz_dorf4-300x199.jpg 300w, https:\/\/haussonja.de\/wp-content\/uploads\/2018\/07\/spaz_dorf4-360x240.jpg 360w, https:\/\/haussonja.de\/wp-content\/uploads\/2018\/07\/spaz_dorf4.jpg 560w\" sizes=\"(max-width: 300px) 100vw, 300px\" \/>Reit im Winkl, der\u00a0Luftkurort<\/strong><strong> auf 650 Meter<\/strong> bietet eine Auswahl von abwechslungsreichen Wanderm\u00f6glichkeiten, die auch nach mehreren Wochen Aufenthalt noch nicht ersch\u00f6pft sind. <img loading=\"lazy\" decoding=\"async\" src=\"https:\/\/haussonja.de\/wp-content\/uploads\/2018\/07\/spaz_dorf2-300x199.jpg\" alt=\"\" width=\"300\" height=\"199\" class=\"size-medium wp-image-421 alignright\" srcset=\"https:\/\/haussonja.de\/wp-content\/uploads\/2018\/07\/spaz_dorf2-300x199.jpg 300w, https:\/\/haussonja.de\/wp-content\/uploads\/2018\/07\/spaz_dorf2-360x240.jpg 360w, https:\/\/haussonja.de\/wp-content\/uploads\/2018\/07\/spaz_dorf2.jpg 560w\" sizes=\"(max-width: 300px) 100vw, 300px\" \/><\/p>\n<p>Sehensw\u00fcrdigkeiten im Ort oder in der n\u00e4heren Umgebung laden zu Ausfl\u00fcgen ein, bei denen auch die Geschichte der Region vermittelt wird.<\/p>\n<p><img loading=\"lazy\" decoding=\"async\" src=\"https:\/\/haussonja.de\/wp-content\/uploads\/2018\/07\/spaz_dorf_4725-300x164.jpg\" alt=\"\" width=\"300\" height=\"164\" class=\"size-medium wp-image-417 alignleft\" srcset=\"https:\/\/haussonja.de\/wp-content\/uploads\/2018\/07\/spaz_dorf_4725-300x164.jpg 300w, https:\/\/haussonja.de\/wp-content\/uploads\/2018\/07\/spaz_dorf_4725-768x420.jpg 768w, https:\/\/haussonja.de\/wp-content\/uploads\/2018\/07\/spaz_dorf_4725.jpg 914w\" sizes=\"(max-width: 300px) 100vw, 300px\" \/>Eine eindrucksvolle, unverf\u00e4lscht sch\u00f6ne Berglandschaft mit Wiesn, W\u00e4ldern und Seen, dazu der Scharm eines <strong>alpenl\u00e4ndischen Bergdorfs <\/strong>und herzliche Gastfreundschaft bietet sich dem Erholungssuchenden und Urlauber in Reit im Winkl.<\/p>\n<p>&nbsp;<\/p>\n<p><img loading=\"lazy\" decoding=\"async\" src=\"https:\/\/haussonja.de\/wp-content\/uploads\/2018\/07\/spaz_dorf6-300x212.jpg\" alt=\"\" width=\"300\" height=\"212\" class=\"size-medium wp-image-424 alignright\" srcset=\"https:\/\/haussonja.de\/wp-content\/uploads\/2018\/07\/spaz_dorf6-300x212.jpg 300w, https:\/\/haussonja.de\/wp-content\/uploads\/2018\/07\/spaz_dorf6.jpg 560w\" sizes=\"(max-width: 300px) 100vw, 300px\" \/><img loading=\"lazy\" decoding=\"async\" src=\"https:\/\/haussonja.de\/wp-content\/uploads\/2018\/07\/spaz_dorf_5668-225x300.jpg\" alt=\"\" width=\"225\" height=\"300\" class=\"size-medium wp-image-420 alignleft\" srcset=\"https:\/\/haussonja.de\/wp-content\/uploads\/2018\/07\/spaz_dorf_5668-225x300.jpg 225w, https:\/\/haussonja.de\/wp-content\/uploads\/2018\/07\/spaz_dorf_5668.jpg 500w\" sizes=\"(max-width: 225px) 100vw, 225px\" \/><\/p>\n<p><img loading=\"lazy\" decoding=\"async\" src=\"https:\/\/haussonja.de\/wp-content\/uploads\/2018\/07\/spaz_dorf3-300x199.jpg\" alt=\"\" width=\"300\" height=\"199\" class=\"size-medium wp-image-422 alignright\" srcset=\"https:\/\/haussonja.de\/wp-content\/uploads\/2018\/07\/spaz_dorf3-300x199.jpg 300w, https:\/\/haussonja.de\/wp-content\/uploads\/2018\/07\/spaz_dorf3-360x240.jpg 360w, https:\/\/haussonja.de\/wp-content\/uploads\/2018\/07\/spaz_dorf3.jpg 560w\" sizes=\"(max-width: 300px) 100vw, 300px\" \/><\/p>\n<p><span>Egal ob <\/span><strong>Badespass<\/strong><span> an den Bergseen, Sommerrodeln, Drachenfliegen oder Golfen, der Sommer bietet viel Spa\u00df und Vergn\u00fcgen in alle Richtungen. <\/span><\/p>\n<p><span>Das Reit im Winkler <\/span><strong>Freibad <\/strong><span>mit seiner 102 Meter langen Wasserrutsche bietet Zuflucht an den hei\u00dfesten Tagen in Reit im Winkl. <\/span><\/p>\n<p><span>Das <\/span><strong>durchg\u00e4ngig sch\u00f6ne Wetter<\/strong><span> gibt einem die M\u00f6glichkeit unser Dorf und die Umgebung auch mal von ganz oben zu bewundern. <\/span><\/p>\n<p><span><img loading=\"lazy\" decoding=\"async\" src=\"https:\/\/haussonja.de\/wp-content\/uploads\/2018\/07\/spaz_dorf_4244-225x300.jpg\" alt=\"\" width=\"225\" height=\"300\" class=\"size-medium wp-image-414 alignleft\" srcset=\"https:\/\/haussonja.de\/wp-content\/uploads\/2018\/07\/spaz_dorf_4244-225x300.jpg 225w, https:\/\/haussonja.de\/wp-content\/uploads\/2018\/07\/spaz_dorf_4244.jpg 500w\" sizes=\"(max-width: 225px) 100vw, 225px\" \/><\/span>Die Aussicht von den rundum gelegenen Berggipfeln aus 1000 &#8211; 1800 m H\u00f6he sollte man sich nicht entgehen lassen.<span><br \/>\n<\/span><\/p>\n","protected":false},"excerpt":{"rendered":"<p>Reit im Winkl, der\u00a0Luftkurort auf 650 Meter bietet eine Auswahl von abwechslungsreichen Wanderm\u00f6glichkeiten, die auch nach mehreren Wochen Aufenthalt noch nicht ersch\u00f6pft sind. Sehensw\u00fcrdigkeiten im Ort oder in der n\u00e4heren Umgebung laden zu Ausfl\u00fcgen ein, bei denen auch die Geschichte der Region vermittelt wird. Eine eindrucksvolle, unverf\u00e4lscht sch\u00f6ne Berglandschaft mit<\/p>\n","protected":false},"author":1,"featured_media":0,"parent":0,"menu_order":0,"comment_status":"closed","ping_status":"closed","template":"","meta":{"ub_ctt_via":"","footnotes":""},"featured_image_src":null,"_links":{"self":[{"href":"https:\/\/haussonja.de\/index.php?rest_route=\/wp\/v2\/pages\/492"}],"collection":[{"href":"https:\/\/haussonja.de\/index.php?rest_route=\/wp\/v2\/pages"}],"about":[{"href":"https:\/\/haussonja.de\/index.php?rest_route=\/wp\/v2\/types\/page"}],"author":[{"embeddable":true,"href":"https:\/\/haussonja.de\/index.php?rest_route=\/wp\/v2\/users\/1"}],"replies":[{"embeddable":true,"href":"https:\/\/haussonja.de\/index.php?rest_route=%2Fwp%2Fv2%2Fcomments&post=492"}],"version-history":[{"count":9,"href":"https:\/\/haussonja.de\/index.php?rest_route=\/wp\/v2\/pages\/492\/revisions"}],"predecessor-version":[{"id":583,"href":"https:\/\/haussonja.de\/index.php?rest_route=\/wp\/v2\/pages\/492\/revisions\/583"}],"wp:attachment":[{"href":"https:\/\/haussonja.de\/index.php?rest_route=%2Fwp%2Fv2%2Fmedia&parent=492"}],"curies":[{"name":"wp","href":"https:\/\/api.w.org\/{rel}","templated":true}]}}

<p><strong><img loading="lazy" decoding="async" src="https://haussonja.de/wp-content/uploads/2018/07/spaz_dorf4-300x199.jpg" alt="" width="300" height="199" class="size-medium wp-image-423 alignleft" srcset="https://haussonja.de/wp-content/uploads/2018/07/spaz_dorf4-300x199.jpg 300w, https://haussonja.de/wp-content/uploads/2018/07/spaz_dorf4-360x240.jpg 360w, https://haussonja.de/wp-content/uploads/2018/07/spaz_dorf4.jpg 560w" sizes="(max-width: 300px) 100vw, 300px" />Reit im Winkl, der Luftkurort</strong><strong> auf 650 Meter</strong> bietet eine Auswahl von abwechslungsreichen Wandermöglichkeiten, die auch nach mehreren Wochen Aufenthalt noch nicht erschöpft sind. <img loading="lazy" decoding="async" src="https://haussonja.de/wp-content/uploads/2018/07/spaz_dorf2-300x199.jpg" alt="" width="300" height="199" class="size-medium wp-image-421 alignright" srcset="https://haussonja.de/wp-content/uploads/2018/07/spaz_dorf2-300x199.jpg 300w, https://haussonja.de/wp-content/uploads/2018/07/spaz_dorf2-360x240.jpg 360w, https://haussonja.de/wp-content/uploads/2018/07/spaz_dorf2.jpg 560w" sizes="(max-width: 300px) 100vw, 300px" /></p>
<p>Sehenswürdigkeiten im Ort oder in der näheren Umgebung laden zu Ausflügen ein, bei denen auch die Geschichte der Region vermittelt wird.</p>
<p><img loading="lazy" decoding="async" src="https://haussonja.de/wp-content/uploads/2018/07/spaz_dorf_4725-300x164.jpg" alt="" width="300" height="164" class="size-medium wp-image-417 alignleft" srcset="https://haussonja.de/wp-content/uploads/2018/07/spaz_dorf_4725-300x164.jpg 300w, https://haussonja.de/wp-content/uploads/2018/07/spaz_dorf_4725-768x420.jpg 768w, https://haussonja.de/wp-content/uploads/2018/07/spaz_dorf_4725.jpg 914w" sizes="(max-width: 300px) 100vw, 300px" />Eine eindrucksvolle, unverfälscht schöne Berglandschaft mit Wiesn, Wäldern und Seen, dazu der Scharm eines <strong>alpenländischen Bergdorfs </strong>und herzliche Gastfreundschaft bietet sich dem Erholungssuchenden und Urlauber in Reit im Winkl.</p>
<p>&nbsp;</p>
<p><img loading="lazy" decoding="async" src="https://haussonja.de/wp-content/uploads/2018/07/spaz_dorf6-300x212.jpg" alt="" width="300" height="212" class="size-medium wp-image-424 alignright" srcset="https://haussonja.de/wp-content/uploads/2018/07/spaz_dorf6-300x212.jpg 300w, https://haussonja.de/wp-content/uploads/2018/07/spaz_dorf6.jpg 560w" sizes="(max-width: 300px) 100vw, 300px" /><img loading="lazy" decoding="async" src="https://haussonja.de/wp-content/uploads/2018/07/spaz_dorf_5668-225x300.jpg" alt="" width="225" height="300" class="size-medium wp-image-420 alignleft" srcset="https://haussonja.de/wp-content/uploads/2018/07/spaz_dorf_5668-225x300.jpg 225w, https://haussonja.de/wp-content/uploads/2018/07/spaz_dorf_5668.jpg 500w" sizes="(max-width: 225px) 100vw, 225px" /></p>
<p><img loading="lazy" decoding="async" src="https://haussonja.de/wp-content/uploads/2018/07/spaz_dorf3-300x199.jpg" alt="" width="300" height="199" class="size-medium wp-image-422 alignright" srcset="https://haussonja.de/wp-content/uploads/2018/07/spaz_dorf3-300x199.jpg 300w, https://haussonja.de/wp-content/uploads/2018/07/spaz_dorf3-360x240.jpg 360w, https://haussonja.de/wp-content/uploads/2018/07/spaz_dorf3.jpg 560w" sizes="(max-width: 300px) 100vw, 300px" /></p>
<p><span>Egal ob </span><strong>Badespass</strong><span> an den Bergseen, Sommerrodeln, Drachenfliegen oder Golfen, der Sommer bietet viel Spaß und Vergnügen in alle Richtungen. </span></p>
<p><span>Das Reit im Winkler </span><strong>Freibad </strong><span>mit seiner 102 Meter langen Wasserrutsche bietet Zuflucht an den heißesten Tagen in Reit im Winkl. </span></p>
<p><span>Das </span><strong>durchgängig schöne Wetter</strong><span> gibt einem die Möglichkeit unser Dorf und die Umgebung auch mal von ganz oben zu bewundern. </span></p>
<p><span><img loading="lazy" decoding="async" src="https://haussonja.de/wp-content/uploads/2018/07/spaz_dorf_4244-225x300.jpg" alt="" width="225" height="300" class="size-medium wp-image-414 alignleft" srcset="https://haussonja.de/wp-content/uploads/2018/07/spaz_dorf_4244-225x300.jpg 225w, https://haussonja.de/wp-content/uploads/2018/07/spaz_dorf_4244.jpg 500w" sizes="(max-width: 225px) 100vw, 225px" /></span>Die Aussicht von den rundum gelegenen Berggipfeln aus 1000 &#8211; 1800 m Höhe sollte man sich nicht entgehen lassen.<span><br />
</span></p>

<p>Reit im Winkl, der Luftkurort auf 650 Meter bietet eine Auswahl von abwechslungsreichen Wandermöglichkeiten, die auch nach mehreren Wochen Aufenthalt noch nicht erschöpft sind. Sehenswürdigkeiten im Ort oder in der näheren Umgebung laden zu Ausflügen ein, bei denen auch die Geschichte der Region vermittelt wird. Eine eindrucksvolle, unverfälscht schöne Berglandschaft mit</p>
